{"id":5,"date":"2021-06-21T09:30:40","date_gmt":"2021-06-21T09:30:40","guid":{"rendered":"https:\/\/santiagosempere.com\/?page_id=5"},"modified":"2021-06-21T14:27:46","modified_gmt":"2021-06-21T14:27:46","slug":"accueil","status":"publish","type":"page","link":"https:\/\/santiagosempere.com\/","title":{"rendered":"Accueil"},"content":{"rendered":"<p>[et_pb_section fb_built=\u00a0\u00bb1&Prime; _builder_version=\u00a0\u00bb4.6.0&Prime; _module_preset=\u00a0\u00bbdefault\u00a0\u00bb background_image=\u00a0\u00bbhttps:\/\/santiagosempere.com\/wp-content\/uploads\/2021\/06\/Eve-Zheim_site.jpg\u00a0\u00bb min_height=\u00a0\u00bb1179.4px\u00a0\u00bb hover_enabled=\u00a0\u00bb0&Prime; sticky_enabled=\u00a0\u00bb0&Prime;][et_pb_row column_structure=\u00a0\u00bb1_4,1_4,1_4,1_4&Prime; _builder_version=\u00a0\u00bb4.9.7&Prime; _module_preset=\u00a0\u00bbdefault\u00a0\u00bb min_height=\u00a0\u00bb1001.4px\u00a0\u00bb hover_enabled=\u00a0\u00bb0&Prime; sticky_enabled=\u00a0\u00bb0&Prime; custom_padding=\u00a0\u00bb|||0px||\u00a0\u00bb][et_pb_column type=\u00a0\u00bb1_4&Prime; _builder_version=\u00a0\u00bb4.6.0&Prime; _module_preset=\u00a0\u00bbdefault\u00a0\u00bb][et_pb_text _builder_version=\u00a0\u00bb4.9.7&Prime; _module_preset=\u00a0\u00bbdefault\u00a0\u00bb hover_enabled=\u00a0\u00bb0&Prime; sticky_enabled=\u00a0\u00bb0&Prime; custom_margin=\u00a0\u00bb||426px|||\u00a0\u00bb][\/et_pb_text][et_pb_image src=\u00a0\u00bbhttps:\/\/santiagosempere.com\/wp-content\/uploads\/2021\/06\/portrait_Santi_Artic_site.jpg\u00a0\u00bb title_text=\u00a0\u00bbportrait_Santi_Artic_site\u00a0\u00bb _builder_version=\u00a0\u00bb4.6.0&Prime; _module_preset=\u00a0\u00bbdefault\u00a0\u00bb min_height=\u00a0\u00bb218.4px\u00a0\u00bb custom_margin=\u00a0\u00bb-56px|||||\u00a0\u00bb][\/et_pb_image][et_pb_text _builder_version=\u00a0\u00bb4.6.0&Prime; _module_preset=\u00a0\u00bbdefault\u00a0\u00bb]<\/p>\n<p><strong><span style=\"color: #ffffff;\">Les petits endroits du corps<\/span><\/strong><\/p>\n<p><span style=\"color: #ffffff;\">mail :<\/span> <a href=\"mailto:contact@santiagosempere.com\">contact@santiagosempere.com<\/a><\/p>\n<p><span style=\"color: #ffffff;\">tel : +33 1 42 45 41 09<\/span><\/p>\n<p>[\/et_pb_text][\/et_pb_column][et_pb_column _builder_version=\u00a0\u00bb4.9.7&Prime; _module_preset=\u00a0\u00bbdefault\u00a0\u00bb type=\u00a0\u00bb1_4&Prime;][\/et_pb_column][et_pb_column _builder_version=\u00a0\u00bb4.9.7&Prime; _module_preset=\u00a0\u00bbdefault\u00a0\u00bb type=\u00a0\u00bb1_4&Prime;][\/et_pb_column][et_pb_column _builder_version=\u00a0\u00bb4.9.7&Prime; _module_preset=\u00a0\u00bbdefault\u00a0\u00bb type=\u00a0\u00bb1_4&Prime;][et_pb_text _builder_version=\u00a0\u00bb4.6.0&Prime; _module_preset=\u00a0\u00bbdefault\u00a0\u00bb]<\/p>\n<p><span style=\"color: #ffffff;\">Le site de l\u2019association Les petits endroits du corps &#8211; Santiago Sempere se refait une beaut\u00e9\u2026<\/span><\/p>\n<p><span style=\"color: #ffffff;\">Si vous souhaitez avoir de nos nouvelles, \u00eatre inform\u00e9()s de nos activit\u00e9s, n\u2019h\u00e9sitez pas \u00e0 nous communiquer votre mail !<\/span><\/p>\n<p>[\/et_pb_text][\/et_pb_column][\/et_pb_row][\/et_pb_section]<\/p>\n","protected":false},"excerpt":{"rendered":"<p>Les petits endroits du corps mail : contact@santiagosempere.com tel : +33 1 42 45 41 09Le site de l\u2019association Les petits endroits du corps &#8211; Santiago Sempere se refait une beaut\u00e9\u2026 Si vous souhaitez avoir de nos nouvelles, \u00eatre inform\u00e9()s de nos activit\u00e9s, n\u2019h\u00e9sitez pas \u00e0 nous communiquer votre mail !<\/p>\n","protected":false},"author":1,"featured_media":0,"parent":0,"menu_order":0,"comment_status":"closed","ping_status":"closed","template":"","meta":{"_et_pb_use_builder":"on","_et_pb_old_content":"","_et_gb_content_width":"","footnotes":""},"class_list":["post-5","page","type-page","status-publish","hentry"],"yoast_head":"<!-- This site is optimized with the Yoast SEO plugin v27.4 - https:\/\/yoast.com\/product\/yoast-seo-wordpress\/ -->\n<title>Accueil - Les petits endroits du corps<\/title>\n<meta name=\"robots\" content=\"index, follow, max-snippet:-1, max-image-preview:large, max-video-preview:-1\" \/>\n<link rel=\"canonical\" href=\"https:\/\/santiagosempere.com\/\" \/>\n<meta property=\"og:locale\" content=\"fr_FR\" \/>\n<meta property=\"og:type\" content=\"article\" \/>\n<meta property=\"og:title\" content=\"Accueil - Les petits endroits du corps\" \/>\n<meta property=\"og:description\" content=\"Les petits endroits du corps mail : contact@santiagosempere.com tel : +33 1 42 45 41 09Le site de l\u2019association Les petits endroits du corps - Santiago Sempere se refait une beaut\u00e9\u2026 Si vous souhaitez avoir de nos nouvelles, \u00eatre inform\u00e9()s de nos activit\u00e9s, n\u2019h\u00e9sitez pas \u00e0 nous communiquer votre mail !\" \/>\n<meta property=\"og:url\" content=\"https:\/\/santiagosempere.com\/\" \/>\n<meta property=\"og:site_name\" content=\"Les petits endroits du corps\" \/>\n<meta property=\"article:modified_time\" content=\"2021-06-21T14:27:46+00:00\" \/>\n<meta name=\"twitter:card\" content=\"summary_large_image\" \/>\n<meta name=\"twitter:label1\" content=\"Dur\u00e9e de lecture estim\u00e9e\" \/>\n\t<meta name=\"twitter:data1\" content=\"1 minute\" \/>\n<script type=\"application\/ld+json\" class=\"yoast-schema-graph\">{\"@context\":\"https:\\\/\\\/schema.org\",\"@graph\":[{\"@type\":\"WebPage\",\"@id\":\"https:\\\/\\\/santiagosempere.com\\\/\",\"url\":\"https:\\\/\\\/santiagosempere.com\\\/\",\"name\":\"Accueil - Les petits endroits du corps\",\"isPartOf\":{\"@id\":\"https:\\\/\\\/santiagosempere.com\\\/#website\"},\"datePublished\":\"2021-06-21T09:30:40+00:00\",\"dateModified\":\"2021-06-21T14:27:46+00:00\",\"breadcrumb\":{\"@id\":\"https:\\\/\\\/santiagosempere.com\\\/#breadcrumb\"},\"inLanguage\":\"fr-FR\",\"potentialAction\":[{\"@type\":\"ReadAction\",\"target\":[\"https:\\\/\\\/santiagosempere.com\\\/\"]}]},{\"@type\":\"BreadcrumbList\",\"@id\":\"https:\\\/\\\/santiagosempere.com\\\/#breadcrumb\",\"itemListElement\":[{\"@type\":\"ListItem\",\"position\":1,\"name\":\"Accueil\",\"item\":\"https:\\\/\\\/santiagosempere.com\\\/\"},{\"@type\":\"ListItem\",\"position\":2,\"name\":\"Accueil\"}]},{\"@type\":\"WebSite\",\"@id\":\"https:\\\/\\\/santiagosempere.com\\\/#website\",\"url\":\"https:\\\/\\\/santiagosempere.com\\\/\",\"name\":\"Les petits endroits du corps\",\"description\":\"Les petits endroits du corps\",\"potentialAction\":[{\"@type\":\"SearchAction\",\"target\":{\"@type\":\"EntryPoint\",\"urlTemplate\":\"https:\\\/\\\/santiagosempere.com\\\/?s={search_term_string}\"},\"query-input\":{\"@type\":\"PropertyValueSpecification\",\"valueRequired\":true,\"valueName\":\"search_term_string\"}}],\"inLanguage\":\"fr-FR\"}]}<\/script>\n<!-- \/ Yoast SEO plugin. -->","yoast_head_json":{"title":"Accueil - Les petits endroits du corps","robots":{"index":"index","follow":"follow","max-snippet":"max-snippet:-1","max-image-preview":"max-image-preview:large","max-video-preview":"max-video-preview:-1"},"canonical":"https:\/\/santiagosempere.com\/","og_locale":"fr_FR","og_type":"article","og_title":"Accueil - Les petits endroits du corps","og_description":"Les petits endroits du corps mail : contact@santiagosempere.com tel : +33 1 42 45 41 09Le site de l\u2019association Les petits endroits du corps - Santiago Sempere se refait une beaut\u00e9\u2026 Si vous souhaitez avoir de nos nouvelles, \u00eatre inform\u00e9()s de nos activit\u00e9s, n\u2019h\u00e9sitez pas \u00e0 nous communiquer votre mail !","og_url":"https:\/\/santiagosempere.com\/","og_site_name":"Les petits endroits du corps","article_modified_time":"2021-06-21T14:27:46+00:00","twitter_card":"summary_large_image","twitter_misc":{"Dur\u00e9e de lecture estim\u00e9e":"1 minute"},"schema":{"@context":"https:\/\/schema.org","@graph":[{"@type":"WebPage","@id":"https:\/\/santiagosempere.com\/","url":"https:\/\/santiagosempere.com\/","name":"Accueil - Les petits endroits du corps","isPartOf":{"@id":"https:\/\/santiagosempere.com\/#website"},"datePublished":"2021-06-21T09:30:40+00:00","dateModified":"2021-06-21T14:27:46+00:00","breadcrumb":{"@id":"https:\/\/santiagosempere.com\/#breadcrumb"},"inLanguage":"fr-FR","potentialAction":[{"@type":"ReadAction","target":["https:\/\/santiagosempere.com\/"]}]},{"@type":"BreadcrumbList","@id":"https:\/\/santiagosempere.com\/#breadcrumb","itemListElement":[{"@type":"ListItem","position":1,"name":"Accueil","item":"https:\/\/santiagosempere.com\/"},{"@type":"ListItem","position":2,"name":"Accueil"}]},{"@type":"WebSite","@id":"https:\/\/santiagosempere.com\/#website","url":"https:\/\/santiagosempere.com\/","name":"Les petits endroits du corps","description":"Les petits endroits du corps","potentialAction":[{"@type":"SearchAction","target":{"@type":"EntryPoint","urlTemplate":"https:\/\/santiagosempere.com\/?s={search_term_string}"},"query-input":{"@type":"PropertyValueSpecification","valueRequired":true,"valueName":"search_term_string"}}],"inLanguage":"fr-FR"}]}},"_links":{"self":[{"href":"https:\/\/santiagosempere.com\/index.php\/wp-json\/wp\/v2\/pages\/5","targetHints":{"allow":["GET"]}}],"collection":[{"href":"https:\/\/santiagosempere.com\/index.php\/wp-json\/wp\/v2\/pages"}],"about":[{"href":"https:\/\/santiagosempere.com\/index.php\/wp-json\/wp\/v2\/types\/page"}],"author":[{"embeddable":true,"href":"https:\/\/santiagosempere.com\/index.php\/wp-json\/wp\/v2\/users\/1"}],"replies":[{"embeddable":true,"href":"https:\/\/santiagosempere.com\/index.php\/wp-json\/wp\/v2\/comments?post=5"}],"version-history":[{"count":6,"href":"https:\/\/santiagosempere.com\/index.php\/wp-json\/wp\/v2\/pages\/5\/revisions"}],"predecessor-version":[{"id":20,"href":"https:\/\/santiagosempere.com\/index.php\/wp-json\/wp\/v2\/pages\/5\/revisions\/20"}],"wp:attachment":[{"href":"https:\/\/santiagosempere.com\/index.php\/wp-json\/wp\/v2\/media?parent=5"}],"curies":[{"name":"wp","href":"https:\/\/api.w.org\/{rel}","templated":true}]}}